{"id":23973,"date":"2023-01-23T13:25:37","date_gmt":"2023-01-23T12:25:37","guid":{"rendered":"https:\/\/dopladebages.com\/proyectos-de-viticultores-sin-bodega\/"},"modified":"2024-02-19T14:01:12","modified_gmt":"2024-02-19T13:01:12","slug":"proyectos-de-viticultores-sin-bodega","status":"publish","type":"page","link":"https:\/\/dopladebages.com\/es\/proyectos-de-viticultores-sin-bodega\/","title":{"rendered":"Proyectos de viticultores sin bodega"},"content":{"rendered":"<div class=\"wpb-content-wrapper\"><p>[vc_row css_animation=\u00bb\u00bb row_type=\u00bbrow\u00bb use_row_as_full_screen_section=\u00bbno\u00bb type=\u00bbfull_width\u00bb angled_section=\u00bbno\u00bb text_align=\u00bbleft\u00bb background_image_as_pattern=\u00bbwithout_pattern\u00bb][vc_column width=\u00bb1\/4&#8243;][vc_separator type=\u00bbtransparent\u00bb][vc_column_text]<\/p>\n<h2 style=\"text-align: left;\">La Diferenta<\/h2>\n<p>[\/vc_column_text][vc_separator type=\u00bbsmall\u00bb position=\u00bbleft\u00bb][vc_empty_space][vc_single_image image=\u00bb20499&#8243; img_size=\u00bbfull\u00bb style=\u00bbvc_box_shadow\u00bb qode_css_animation=\u00bb\u00bb][vc_empty_space][vc_column_text]Ladiferenta viticultors Can Bartomeu Castelladral (Nav\u00e0s)<\/p>\n<p>+34 690 023 117<\/p>\n<p><a href=\"mailto:info@ladiferenta.cat\">ladiferenta@ladiferenta.cat<\/a><\/p>\n<p><a href=\"http:\/\/www.ladiferenta.cat\/\">ladiferenta.cat<\/a>[\/vc_column_text][vc_empty_space]<span class='q_social_icon_holder circle_social' ><a itemprop='url' href='https:\/\/www.facebook.com\/ladiferenta\/' target='_blank'><span class='fa-stack fa-lg' style=''><i class=\"qode_icon_font_awesome fa fa-facebook \" style=\"\" ><\/i><\/span><\/a><\/span><span class='q_social_icon_holder circle_social' ><a itemprop='url' href='https:\/\/www.instagram.com\/ladiferenta\/' target='_blank'><span class='fa-stack fa-lg' style=''><i class=\"qode_icon_font_awesome fa fa-instagram \" style=\"\" ><\/i><\/span><\/a><\/span><span class='q_social_icon_holder circle_social' ><a itemprop='url' href='https:\/\/twitter.com\/ladiferenta' target='_blank'><span class='fa-stack fa-lg' style=''><i class=\"qode_icon_font_awesome fa fa-twitter \" style=\"\" ><\/i><\/span><\/a><\/span>[vc_empty_space][\/vc_column][vc_column width=\u00bb3\/4&#8243;][vc_separator type=\u00bbtransparent\u00bb][vc_single_image image=\u00bb24335&#8243; img_size=\u00bbfull\u00bb qode_css_animation=\u00bb\u00bb][vc_separator type=\u00bbtransparent\u00bb][vc_column_text]La diferente es la estima por la tierra, por el paisaje, por el territorio. Un homenaje a los vi\u00f1edos que desde hace siglos cultivan el vi\u00f1edo en nuestra regi\u00f3n, que han mantenido vivo nuestro patrimonio vegetal, que queremos conservar y recuperar para elaborar vinos con aquellas variedades de antes con las t\u00e9cnicas de hoy. Vinos que nos transporten a la vi\u00f1a, que desprendan radicalmente la atm\u00f3sfera y la pasi\u00f3n de quienes participamos del proyecto.[\/vc_column_text][vc_separator type=\u00bbtransparent\u00bb][\/vc_column][vc_column][\/vc_column][\/vc_row][vc_row css_animation=\u00bb\u00bb row_type=\u00bbrow\u00bb use_row_as_full_screen_section=\u00bbno\u00bb type=\u00bbfull_width\u00bb angled_section=\u00bbno\u00bb text_align=\u00bbleft\u00bb background_image_as_pattern=\u00bbwithout_pattern\u00bb][vc_column width=\u00bb1\/4&#8243;][vc_column_text]<\/p>\n<h2 style=\"text-align: left;\">Murallius<\/h2>\n<p>[\/vc_column_text][vc_separator type=\u00bbsmall\u00bb position=\u00bbleft\u00bb][vc_empty_space][vc_single_image image=\u00bb20577&#8243; img_size=\u00bbfull\u00bb style=\u00bbvc_box_shadow\u00bb qode_css_animation=\u00bb\u00bb][vc_empty_space][vc_column_text]686 469 132 (Josep Codina)<\/p>\n<p><a href=\"mailto:jcodina@murallius.com\">\u00a0jcodina@murallius.com<\/a><\/p>\n<p><a href=\"http:\/\/www.murallius.com\">murallius.com<\/a>[\/vc_column_text][vc_empty_space]<span class='q_social_icon_holder circle_social' ><a itemprop='url' href='https:\/\/www.instagram.com\/murallius\/' target='_blank'><span class='fa-stack fa-lg' style=''><i class=\"qode_icon_font_awesome fa fa-instagram \" style=\"\" ><\/i><\/span><\/a><\/span>[vc_empty_space][\/vc_column][vc_column width=\u00bb3\/4&#8243;][vc_separator type=\u00bbtransparent\u00bb][vc_single_image image=\u00bb20571&#8243; img_size=\u00bbfull\u00bb qode_css_animation=\u00bb\u00bb][vc_separator type=\u00bbtransparent\u00bb][vc_column_text]Un proyecto de arraigo con el antiguo negocio familiar que hace renacer unos vi\u00f1edos ecol\u00f3gicos y de producciones muy limitadas dando un vino \u00fanico y singular.[\/vc_column_text][vc_separator type=\u00bbtransparent\u00bb][\/vc_column][\/vc_row][vc_row css_animation=\u00bb\u00bb row_type=\u00bbrow\u00bb use_row_as_full_screen_section=\u00bbno\u00bb type=\u00bbfull_width\u00bb angled_section=\u00bbno\u00bb text_align=\u00bbleft\u00bb background_image_as_pattern=\u00bbwithout_pattern\u00bb][vc_column][vc_empty_space][\/vc_column][\/vc_row][vc_row css_animation=\u00bb\u00bb row_type=\u00bbrow\u00bb use_row_as_full_screen_section=\u00bbno\u00bb type=\u00bbfull_width\u00bb angled_section=\u00bbno\u00bb text_align=\u00bbleft\u00bb background_image_as_pattern=\u00bbwithout_pattern\u00bb][vc_column width=\u00bb1\/4&#8243;][vc_column_text]<\/p>\n<h2 style=\"text-align: left;\">Vinyes de Castellgal\u00ed<\/h2>\n<p>[\/vc_column_text][vc_separator type=\u00bbsmall\u00bb position=\u00bbleft\u00bb][vc_empty_space][vc_single_image image=\u00bb24831&#8243; img_size=\u00bbfull\u00bb style=\u00bbvc_box_shadow\u00bb qode_css_animation=\u00bb\u00bb][vc_empty_space][vc_column_text]Vinyes de Castellgal\u00ed SCP<\/p>\n<p>Can Mas, b\u00fastia 70<\/p>\n<p>Castellgal\u00ed 08297<\/p>\n<p><a href=\"mailto:vinyesdecastellgali@gmail.com\">vinyesdecastellgali@gmail.com<\/a><\/p>\n<p><a href=\"https:\/\/www.vinyesdecastellgali.com\/\">vinyesdecastellgali.com<\/a>[\/vc_column_text][vc_empty_space]<span class='q_social_icon_holder circle_social' ><a itemprop='url' href='https:\/\/www.facebook.com\/vinyesdecastellgali\/' target='_blank'><span class='fa-stack fa-lg' style=''><i class=\"qode_icon_font_awesome fa fa-facebook \" style=\"\" ><\/i><\/span><\/a><\/span><span class='q_social_icon_holder circle_social' ><a itemprop='url' href='https:\/\/www.instagram.com\/vinyesdecastellgali\/' target='_blank'><span class='fa-stack fa-lg' style=''><i class=\"qode_icon_font_awesome fa fa-instagram \" style=\"\" ><\/i><\/span><\/a><\/span><span class='q_social_icon_holder circle_social' ><a itemprop='url' href='https:\/\/twitter.com\/VideCastellgali' target='_blank'><span class='fa-stack fa-lg' style=''><i class=\"qode_icon_font_awesome fa fa-twitter \" style=\"\" ><\/i><\/span><\/a><\/span>[vc_empty_space][\/vc_column][vc_column width=\u00bb3\/4&#8243;][vc_single_image image=\u00bb20574&#8243; img_size=\u00bbfull\u00bb qode_css_animation=\u00bb\u00bb][vc_separator type=\u00bbtransparent\u00bb][vc_column_text]Se trata de un proyecto joven y actual que recupera la tradici\u00f3n vinatera de la familia Play\u00e0. Los vi\u00f1edos est\u00e1n situados en el pueblo de Castellgal\u00ed, en el Bages. Y sus sus vinos quieren ser un reflejo de la tierra que los acoge, una degustaci\u00f3n de sus paisajes.[\/vc_column_text][vc_separator type=\u00bbtransparent\u00bb][\/vc_column][\/vc_row][vc_row css_animation=\u00bb\u00bb row_type=\u00bbrow\u00bb use_row_as_full_screen_section=\u00bbno\u00bb type=\u00bbfull_width\u00bb angled_section=\u00bbno\u00bb text_align=\u00bbleft\u00bb background_image_as_pattern=\u00bbwithout_pattern\u00bb][vc_column][vc_empty_space][\/vc_column][\/vc_row][vc_row css_animation=\u00bb\u00bb row_type=\u00bbrow\u00bb use_row_as_full_screen_section=\u00bbno\u00bb type=\u00bbfull_width\u00bb angled_section=\u00bbno\u00bb text_align=\u00bbleft\u00bb background_image_as_pattern=\u00bbwithout_pattern\u00bb][vc_column width=\u00bb1\/4&#8243;][vc_column_text]<\/p>\n<h2 style=\"text-align: left;\">Urpina<\/h2>\n<p>[\/vc_column_text][vc_separator type=\u00bbsmall\u00bb position=\u00bbleft\u00bb][vc_empty_space][vc_single_image image=\u00bb23721&#8243; img_size=\u00bbfull\u00bb style=\u00bbvc_box_shadow\u00bb qode_css_animation=\u00bb\u00bb][vc_empty_space][vc_column_text]Mas Urpina s\/n<\/p>\n<p>08253 Sant Salvador de Guardiola<\/p>\n<p>Barcelona<\/p>\n<p><a href=\"mailto:aprado@ampans.cat\"><span id=\"cloak9c7991589d0d5b3aef737cf827232401\">aprado@ampans.cat<\/span><\/a><\/p>\n<p><a href=\"https:\/\/www.urpina.cat\/\">urpina.cat<\/a>[\/vc_column_text][vc_empty_space]<span class='q_social_icon_holder circle_social' ><a itemprop='url' href='https:\/\/www.facebook.com\/ampans' target='_blank'><span class='fa-stack fa-lg' style=''><i class=\"qode_icon_font_awesome fa fa-facebook \" style=\"\" ><\/i><\/span><\/a><\/span><span class='q_social_icon_holder circle_social' ><a itemprop='url' href='https:\/\/www.instagram.com\/ampansfundacio\/' target='_blank'><span class='fa-stack fa-lg' style=''><i class=\"qode_icon_font_awesome fa fa-instagram \" style=\"\" ><\/i><\/span><\/a><\/span><span class='q_social_icon_holder circle_social' ><a itemprop='url' href='https:\/\/twitter.com\/Ampans' target='_blank'><span class='fa-stack fa-lg' style=''><i class=\"qode_icon_font_awesome fa fa-twitter \" style=\"\" ><\/i><\/span><\/a><\/span>[vc_empty_space][\/vc_column][vc_column width=\u00bb3\/4&#8243;][vc_single_image image=\u00bb23717&#8243; img_size=\u00bbfull\u00bb qode_css_animation=\u00bb\u00bb][vc_separator type=\u00bbtransparent\u00bb][vc_column_text]Urpina es un proyecto agrosocial de Fundaci\u00f3 Ampans que iniciamos en 2008 en Sant Salvador de Guardiola (Bages). La recuperaci\u00f3n de los antiguos vi\u00f1edos y la plantaci\u00f3n de nuevas hect\u00e1reas, fue una de las primeras tareas que desarrollamos. De sus cepas, que nos han dado oportunidades de trabajo y reconocimiento social, elaboramos nuestros vinos, los vinos con compromiso de la DO la de Bages.[\/vc_column_text][vc_separator type=\u00bbtransparent\u00bb][\/vc_column][\/vc_row][vc_row css_animation=\u00bb\u00bb row_type=\u00bbrow\u00bb use_row_as_full_screen_section=\u00bbno\u00bb type=\u00bbfull_width\u00bb angled_section=\u00bbno\u00bb text_align=\u00bbleft\u00bb background_image_as_pattern=\u00bbwithout_pattern\u00bb][vc_column][vc_empty_space][\/vc_column][\/vc_row][vc_row css_animation=\u00bb\u00bb row_type=\u00bbrow\u00bb use_row_as_full_screen_section=\u00bbno\u00bb type=\u00bbfull_width\u00bb angled_section=\u00bbno\u00bb text_align=\u00bbleft\u00bb background_image_as_pattern=\u00bbwithout_pattern\u00bb][vc_column width=\u00bb1\/4&#8243;][vc_column_text]<\/p>\n<h2 style=\"text-align: left;\">Jaia<\/h2>\n<p>[\/vc_column_text][vc_separator type=\u00bbsmall\u00bb position=\u00bbleft\u00bb][vc_empty_space][vc_single_image img_size=\u00bbfull\u00bb style=\u00bbvc_box_shadow\u00bb qode_css_animation=\u00bb\u00bb][vc_column_text]Jaia Viticultor<\/p>\n<p><a href=\"mailto:marccomaposada@gmail.com\" rel=\"external\" rel=\"noopener\">marccomaposada@gmail.com<\/a>[\/vc_column_text][vc_empty_space]<span class='q_social_icon_holder circle_social' ><a itemprop='url' href='https:\/\/www.instagram.com\/jaia_viticultor\/' target='_blank'><span class='fa-stack fa-lg' style=''><i class=\"qode_icon_font_awesome fa fa-instagram \" style=\"\" ><\/i><\/span><\/a><\/span>[vc_empty_space][\/vc_column][vc_column width=\u00bb3\/4&#8243;][vc_single_image image=\u00bb24340&#8243; img_size=\u00bbfull\u00bb qode_css_animation=\u00bb\u00bb][vc_separator type=\u00bbtransparent\u00bb][\/vc_column][\/vc_row]<\/p>\n<\/div>","protected":false},"excerpt":{"rendered":"<p>[vc_row css_animation=\u00bb\u00bb row_type=\u00bbrow\u00bb use_row_as_full_screen_section=\u00bbno\u00bb type=\u00bbfull_width\u00bb angled_section=\u00bbno\u00bb text_align=\u00bbleft\u00bb background_image_as_pattern=\u00bbwithout_pattern\u00bb][vc_column width=\u00bb1\/4&#8243;][vc_separator type=\u00bbtransparent\u00bb][vc_column_text] La Diferenta [\/vc_column_text][vc_separator type=\u00bbsmall\u00bb position=\u00bbleft\u00bb][vc_empty_space][vc_single_image image=\u00bb20499&#8243; img_size=\u00bbfull\u00bb style=\u00bbvc_box_shadow\u00bb qode_css_animation=\u00bb\u00bb][vc_empty_space][vc_column_text]Ladiferenta viticultors Can Bartomeu Castelladral (Nav\u00e0s) +34 690 023 117 ladiferenta@ladiferenta.cat ladiferenta.cat[\/vc_column_text][vc_empty_space][vc_empty_space][\/vc_column][vc_column width=\u00bb3\/4&#8243;][vc_separator type=\u00bbtransparent\u00bb][vc_single_image image=\u00bb24335&#8243; img_size=\u00bbfull\u00bb qode_css_animation=\u00bb\u00bb][vc_separator type=\u00bbtransparent\u00bb][vc_column_text]La diferente es la estima por la tierra, por el&#8230;<\/p>\n","protected":false},"author":1,"featured_media":0,"parent":0,"menu_order":0,"comment_status":"closed","ping_status":"closed","template":"","meta":{"_monsterinsights_skip_tracking":false,"_monsterinsights_sitenote_active":false,"_monsterinsights_sitenote_note":"","_monsterinsights_sitenote_category":0,"footnotes":""},"class_list":["post-23973","page","type-page","status-publish","hentry"],"_links":{"self":[{"href":"https:\/\/dopladebages.com\/es\/wp-json\/wp\/v2\/pages\/23973","targetHints":{"allow":["GET"]}}],"collection":[{"href":"https:\/\/dopladebages.com\/es\/wp-json\/wp\/v2\/pages"}],"about":[{"href":"https:\/\/dopladebages.com\/es\/wp-json\/wp\/v2\/types\/page"}],"author":[{"embeddable":true,"href":"https:\/\/dopladebages.com\/es\/wp-json\/wp\/v2\/users\/1"}],"replies":[{"embeddable":true,"href":"https:\/\/dopladebages.com\/es\/wp-json\/wp\/v2\/comments?post=23973"}],"version-history":[{"count":0,"href":"https:\/\/dopladebages.com\/es\/wp-json\/wp\/v2\/pages\/23973\/revisions"}],"wp:attachment":[{"href":"https:\/\/dopladebages.com\/es\/wp-json\/wp\/v2\/media?parent=23973"}],"curies":[{"name":"wp","href":"https:\/\/api.w.org\/{rel}","templated":true}]}}

<div class="wpb-content-wrapper"><p>[vc_row css_animation=»» row_type=»row» use_row_as_full_screen_section=»no» type=»full_width» angled_section=»no» text_align=»left» background_image_as_pattern=»without_pattern»][vc_column width=»1/4&#8243;][vc_separator type=»transparent»][vc_column_text]</p>
<h2 style="text-align: left;">La Diferenta</h2>
<p>[/vc_column_text][vc_separator type=»small» position=»left»][vc_empty_space][vc_single_image image=»20499&#8243; img_size=»full» style=»vc_box_shadow» qode_css_animation=»»][vc_empty_space][vc_column_text]Ladiferenta viticultors Can Bartomeu Castelladral (Navàs)</p>
<p>+34 690 023 117</p>
<p><a href="mailto:info@ladiferenta.cat">ladiferenta@ladiferenta.cat</a></p>
<p><a href="http://www.ladiferenta.cat/">ladiferenta.cat</a>[/vc_column_text][vc_empty_space]<span class='q_social_icon_holder circle_social' ><a itemprop='url' href='https://www.facebook.com/ladiferenta/' target='_blank'><span class='fa-stack fa-lg' style=''><i class="qode_icon_font_awesome fa fa-facebook " style="" ></i></span></a></span><span class='q_social_icon_holder circle_social' ><a itemprop='url' href='https://www.instagram.com/ladiferenta/' target='_blank'><span class='fa-stack fa-lg' style=''><i class="qode_icon_font_awesome fa fa-instagram " style="" ></i></span></a></span><span class='q_social_icon_holder circle_social' ><a itemprop='url' href='https://twitter.com/ladiferenta' target='_blank'><span class='fa-stack fa-lg' style=''><i class="qode_icon_font_awesome fa fa-twitter " style="" ></i></span></a></span>[vc_empty_space][/vc_column][vc_column width=»3/4&#8243;][vc_separator type=»transparent»][vc_single_image image=»24335&#8243; img_size=»full» qode_css_animation=»»][vc_separator type=»transparent»][vc_column_text]La diferente es la estima por la tierra, por el paisaje, por el territorio. Un homenaje a los viñedos que desde hace siglos cultivan el viñedo en nuestra región, que han mantenido vivo nuestro patrimonio vegetal, que queremos conservar y recuperar para elaborar vinos con aquellas variedades de antes con las técnicas de hoy. Vinos que nos transporten a la viña, que desprendan radicalmente la atmósfera y la pasión de quienes participamos del proyecto.[/vc_column_text][vc_separator type=»transparent»][/vc_column][vc_column][/vc_column][/vc_row][vc_row css_animation=»» row_type=»row» use_row_as_full_screen_section=»no» type=»full_width» angled_section=»no» text_align=»left» background_image_as_pattern=»without_pattern»][vc_column width=»1/4&#8243;][vc_column_text]</p>
<h2 style="text-align: left;">Murallius</h2>
<p>[/vc_column_text][vc_separator type=»small» position=»left»][vc_empty_space][vc_single_image image=»20577&#8243; img_size=»full» style=»vc_box_shadow» qode_css_animation=»»][vc_empty_space][vc_column_text]686 469 132 (Josep Codina)</p>
<p><a href="mailto:jcodina@murallius.com"> jcodina@murallius.com</a></p>
<p><a href="http://www.murallius.com">murallius.com</a>[/vc_column_text][vc_empty_space]<span class='q_social_icon_holder circle_social' ><a itemprop='url' href='https://www.instagram.com/murallius/' target='_blank'><span class='fa-stack fa-lg' style=''><i class="qode_icon_font_awesome fa fa-instagram " style="" ></i></span></a></span>[vc_empty_space][/vc_column][vc_column width=»3/4&#8243;][vc_separator type=»transparent»][vc_single_image image=»20571&#8243; img_size=»full» qode_css_animation=»»][vc_separator type=»transparent»][vc_column_text]Un proyecto de arraigo con el antiguo negocio familiar que hace renacer unos viñedos ecológicos y de producciones muy limitadas dando un vino único y singular.[/vc_column_text][vc_separator type=»transparent»][/vc_column][/vc_row][vc_row css_animation=»» row_type=»row» use_row_as_full_screen_section=»no» type=»full_width» angled_section=»no» text_align=»left» background_image_as_pattern=»without_pattern»][vc_column][vc_empty_space][/vc_column][/vc_row][vc_row css_animation=»» row_type=»row» use_row_as_full_screen_section=»no» type=»full_width» angled_section=»no» text_align=»left» background_image_as_pattern=»without_pattern»][vc_column width=»1/4&#8243;][vc_column_text]</p>
<h2 style="text-align: left;">Vinyes de Castellgalí</h2>
<p>[/vc_column_text][vc_separator type=»small» position=»left»][vc_empty_space][vc_single_image image=»24831&#8243; img_size=»full» style=»vc_box_shadow» qode_css_animation=»»][vc_empty_space][vc_column_text]Vinyes de Castellgalí SCP</p>
<p>Can Mas, bústia 70</p>
<p>Castellgalí 08297</p>
<p><a href="mailto:vinyesdecastellgali@gmail.com">vinyesdecastellgali@gmail.com</a></p>
<p><a href="https://www.vinyesdecastellgali.com/">vinyesdecastellgali.com</a>[/vc_column_text][vc_empty_space]<span class='q_social_icon_holder circle_social' ><a itemprop='url' href='https://www.facebook.com/vinyesdecastellgali/' target='_blank'><span class='fa-stack fa-lg' style=''><i class="qode_icon_font_awesome fa fa-facebook " style="" ></i></span></a></span><span class='q_social_icon_holder circle_social' ><a itemprop='url' href='https://www.instagram.com/vinyesdecastellgali/' target='_blank'><span class='fa-stack fa-lg' style=''><i class="qode_icon_font_awesome fa fa-instagram " style="" ></i></span></a></span><span class='q_social_icon_holder circle_social' ><a itemprop='url' href='https://twitter.com/VideCastellgali' target='_blank'><span class='fa-stack fa-lg' style=''><i class="qode_icon_font_awesome fa fa-twitter " style="" ></i></span></a></span>[vc_empty_space][/vc_column][vc_column width=»3/4&#8243;][vc_single_image image=»20574&#8243; img_size=»full» qode_css_animation=»»][vc_separator type=»transparent»][vc_column_text]Se trata de un proyecto joven y actual que recupera la tradición vinatera de la familia Playà. Los viñedos están situados en el pueblo de Castellgalí, en el Bages. Y sus sus vinos quieren ser un reflejo de la tierra que los acoge, una degustación de sus paisajes.[/vc_column_text][vc_separator type=»transparent»][/vc_column][/vc_row][vc_row css_animation=»» row_type=»row» use_row_as_full_screen_section=»no» type=»full_width» angled_section=»no» text_align=»left» background_image_as_pattern=»without_pattern»][vc_column][vc_empty_space][/vc_column][/vc_row][vc_row css_animation=»» row_type=»row» use_row_as_full_screen_section=»no» type=»full_width» angled_section=»no» text_align=»left» background_image_as_pattern=»without_pattern»][vc_column width=»1/4&#8243;][vc_column_text]</p>
<h2 style="text-align: left;">Urpina</h2>
<p>[/vc_column_text][vc_separator type=»small» position=»left»][vc_empty_space][vc_single_image image=»23721&#8243; img_size=»full» style=»vc_box_shadow» qode_css_animation=»»][vc_empty_space][vc_column_text]Mas Urpina s/n</p>
<p>08253 Sant Salvador de Guardiola</p>
<p>Barcelona</p>
<p><a href="mailto:aprado@ampans.cat"><span id="cloak9c7991589d0d5b3aef737cf827232401">aprado@ampans.cat</span></a></p>
<p><a href="https://www.urpina.cat/">urpina.cat</a>[/vc_column_text][vc_empty_space]<span class='q_social_icon_holder circle_social' ><a itemprop='url' href='https://www.facebook.com/ampans' target='_blank'><span class='fa-stack fa-lg' style=''><i class="qode_icon_font_awesome fa fa-facebook " style="" ></i></span></a></span><span class='q_social_icon_holder circle_social' ><a itemprop='url' href='https://www.instagram.com/ampansfundacio/' target='_blank'><span class='fa-stack fa-lg' style=''><i class="qode_icon_font_awesome fa fa-instagram " style="" ></i></span></a></span><span class='q_social_icon_holder circle_social' ><a itemprop='url' href='https://twitter.com/Ampans' target='_blank'><span class='fa-stack fa-lg' style=''><i class="qode_icon_font_awesome fa fa-twitter " style="" ></i></span></a></span>[vc_empty_space][/vc_column][vc_column width=»3/4&#8243;][vc_single_image image=»23717&#8243; img_size=»full» qode_css_animation=»»][vc_separator type=»transparent»][vc_column_text]Urpina es un proyecto agrosocial de Fundació Ampans que iniciamos en 2008 en Sant Salvador de Guardiola (Bages). La recuperación de los antiguos viñedos y la plantación de nuevas hectáreas, fue una de las primeras tareas que desarrollamos. De sus cepas, que nos han dado oportunidades de trabajo y reconocimiento social, elaboramos nuestros vinos, los vinos con compromiso de la DO la de Bages.[/vc_column_text][vc_separator type=»transparent»][/vc_column][/vc_row][vc_row css_animation=»» row_type=»row» use_row_as_full_screen_section=»no» type=»full_width» angled_section=»no» text_align=»left» background_image_as_pattern=»without_pattern»][vc_column][vc_empty_space][/vc_column][/vc_row][vc_row css_animation=»» row_type=»row» use_row_as_full_screen_section=»no» type=»full_width» angled_section=»no» text_align=»left» background_image_as_pattern=»without_pattern»][vc_column width=»1/4&#8243;][vc_column_text]</p>
<h2 style="text-align: left;">Jaia</h2>
<p>[/vc_column_text][vc_separator type=»small» position=»left»][vc_empty_space][vc_single_image img_size=»full» style=»vc_box_shadow» qode_css_animation=»»][vc_column_text]Jaia Viticultor</p>
<p><a href="mailto:marccomaposada@gmail.com" rel="external" rel="noopener">marccomaposada@gmail.com</a>[/vc_column_text][vc_empty_space]<span class='q_social_icon_holder circle_social' ><a itemprop='url' href='https://www.instagram.com/jaia_viticultor/' target='_blank'><span class='fa-stack fa-lg' style=''><i class="qode_icon_font_awesome fa fa-instagram " style="" ></i></span></a></span>[vc_empty_space][/vc_column][vc_column width=»3/4&#8243;][vc_single_image image=»24340&#8243; img_size=»full» qode_css_animation=»»][vc_separator type=»transparent»][/vc_column][/vc_row]</p>
</div>

<p>[vc_row css_animation=»» row_type=»row» use_row_as_full_screen_section=»no» type=»full_width» angled_section=»no» text_align=»left» background_image_as_pattern=»without_pattern»][vc_column width=»1/4&#8243;][vc_separator type=»transparent»][vc_column_text] La Diferenta [/vc_column_text][vc_separator type=»small» position=»left»][vc_empty_space][vc_single_image image=»20499&#8243; img_size=»full» style=»vc_box_shadow» qode_css_animation=»»][vc_empty_space][vc_column_text]Ladiferenta viticultors Can Bartomeu Castelladral (Navàs) +34 690 023 117 ladiferenta@ladiferenta.cat ladiferenta.cat[/vc_column_text][vc_empty_space][vc_empty_space][/vc_column][vc_column width=»3/4&#8243;][vc_separator type=»transparent»][vc_single_image image=»24335&#8243; img_size=»full» qode_css_animation=»»][vc_separator type=»transparent»][vc_column_text]La diferente es la estima por la tierra, por el&#8230;</p>
